{"id":140,"date":"2017-11-14T19:58:46","date_gmt":"2017-11-14T19:58:46","guid":{"rendered":"http:\/\/albuch-skilift.de\/?page_id=140"},"modified":"2025-10-18T07:59:37","modified_gmt":"2025-10-18T06:59:37","slug":"impressum","status":"publish","type":"page","link":"https:\/\/albuch-skilift.de\/?page_id=140","title":{"rendered":"Impressum"},"content":{"rendered":"<h3 style=\"text-align: left;\"><span style=\"font-family: trebuchet ms,geneva,sans-serif;\">Betreiber der Seite:<\/span><\/h3>\n<p style=\"text-align: left;\"><span style=\"font-family: trebuchet ms,geneva,sans-serif;\">Albuch Wintersport Schnaitheim e.V.<\/span><br \/>\n<span style=\"font-family: trebuchet ms,geneva,sans-serif;\">Berchtenstr. 18<\/span><br \/>\n<span style=\"font-family: trebuchet ms,geneva,sans-serif;\">89520 Heidenheim-Schnaitheim<br \/>\n<\/span><span style=\"font-family: trebuchet ms,geneva,sans-serif;\">E-Mail: info(at)albuch-skilift.de <\/span><br \/>\n<span style=\"font-family: trebuchet ms,geneva,sans-serif;\">Internet:<br \/>\nwww.albuch-skilift.de<br \/>\nwww.albuch-wintersport.de<br \/>\n<\/span><\/p>\n<h3 style=\"text-align: left;\"><span style=\"font-family: trebuchet ms,geneva,sans-serif;\">Vorst\u00e4nde:<\/span><\/h3>\n<p style=\"text-align: left;\"><span style=\"font-family: trebuchet ms,geneva,sans-serif;\">Jens Hofele (Naturfreunde Schnaitheim)<\/span><br \/>\n<span style=\"font-family: trebuchet ms,geneva,sans-serif;\">Moritz Wolf (TSG Schnaitheim)<\/span><br \/>\n<span style=\"font-family: trebuchet ms,geneva,sans-serif;\">Liane Erb-Konold<\/span><\/p>\n<h3 style=\"text-align: left;\"><span style=\"font-family: trebuchet ms,geneva,sans-serif;\">Seitengestaltung:<\/span><\/h3>\n<p style=\"text-align: left;\"><span style=\"font-family: trebuchet ms,geneva,sans-serif;\">Marc Tobias Konold<\/span><br \/>\n<span style=\"font-family: trebuchet ms,geneva,sans-serif;\">Friedrich-Burr-Strasse 8<\/span><br \/>\n<span style=\"font-family: trebuchet ms,geneva,sans-serif;\">89522 Heidenheim-Oggenhausen<br \/>\n<\/span><span style=\"font-family: trebuchet ms,geneva,sans-serif;\">Tel: 07321-272827<\/span><br \/>\n<span style=\"font-family: trebuchet ms,geneva,sans-serif;\">Fax: 07321-272824<\/span><br \/>\n<span style=\"font-family: trebuchet ms,geneva,sans-serif;\">Email: info(at)konitech.de<\/span><\/p>\n<h3 style=\"text-align: left;\"><span style=\"font-family: trebuchet ms,geneva,sans-serif;\">Haftungsausschlu\u00df:<\/span><\/h3>\n<p style=\"text-align: left;\"><span style=\"font-family: trebuchet ms,geneva,sans-serif;\">Trotz sorgf\u00e4ltiger Pr\u00fcfung k\u00f6nnen wir keine Haftung f\u00fcr die Inhalte externer Links \u00fcbernehmen. F\u00fcr den Inhalt diese Seiten sind ausschlie\u00dflich deren Betreiber verantwortlich.<\/span><\/p>\n<h3 style=\"text-align: left;\"><span style=\"font-family: trebuchet ms,geneva,sans-serif;\">Verantwortlich f\u00fcr den Inhalt:<\/span><\/h3>\n<p style=\"text-align: left;\"><span style=\"font-family: trebuchet ms,geneva,sans-serif;\">Marc Tobias Konold<\/span><br \/>\n<span style=\"font-family: trebuchet ms,geneva,sans-serif;\">Friedrich-Burr-Strasse 8<\/span><br \/>\n<span style=\"font-family: trebuchet ms,geneva,sans-serif;\">89522 Heidenheim-Oggenhausen<br \/>\n<\/span><span style=\"font-family: trebuchet ms,geneva,sans-serif;\">Tel: 07321-272827<\/span><br \/>\n<span style=\"font-family: trebuchet ms,geneva,sans-serif;\">Fax: 07321-272824<\/span><br \/>\n<span style=\"font-family: trebuchet ms,geneva,sans-serif;\">Email: info(at)konitech.de<\/span><\/p>\n","protected":false},"excerpt":{"rendered":"<p>Betreiber der Seite: Albuch Wintersport Schnaitheim e.V. Berchtenstr. 18 89520 Heidenheim-Schnaitheim E-Mail: info(at)albuch-skilift.de Internet: www.albuch-skilift.de www.albuch-wintersport.de Vorst\u00e4nde: Jens Hofele (Naturfreunde [&hellip;]<\/p>\n","protected":false},"author":1,"featured_media":0,"parent":0,"menu_order":0,"comment_status":"closed","ping_status":"closed","template":"","meta":{"site-sidebar-layout":"default","site-content-layout":"","ast-site-content-layout":"default","site-content-style":"default","site-sidebar-style":"default","ast-global-header-display":"","ast-banner-title-visibility":"","ast-main-header-display":"","ast-hfb-above-header-display":"","ast-hfb-below-header-display":"","ast-hfb-mobile-header-display":"","site-post-title":"","ast-breadcrumbs-content":"","ast-featured-img":"","footer-sml-layout":"","ast-disable-related-posts":"","theme-transparent-header-meta":"","adv-header-id-meta":"","stick-header-meta":"","header-above-stick-meta":"","header-main-stick-meta":"","header-below-stick-meta":"","astra-migrate-meta-layouts":"default","ast-page-background-enabled":"default","ast-page-background-meta":{"desktop":{"background-color":"var(--ast-global-color-5)","background-image":"","background-repeat":"repeat","background-position":"center center","background-size":"auto","background-attachment":"scroll","background-type":"","background-media":"","overlay-type":"","overlay-color":"","overlay-opacity":"","overlay-gradient":""},"tablet":{"background-color":"","background-image":"","background-repeat":"repeat","background-position":"center center","background-size":"auto","background-attachment":"scroll","background-type":"","background-media":"","overlay-type":"","overlay-color":"","overlay-opacity":"","overlay-gradient":""},"mobile":{"background-color":"","background-image":"","background-repeat":"repeat","background-position":"center center","background-size":"auto","background-attachment":"scroll","background-type":"","background-media":"","overlay-type":"","overlay-color":"","overlay-opacity":"","overlay-gradient":""}},"ast-content-background-meta":{"desktop":{"background-color":"var(--ast-global-color-4)","background-image":"","background-repeat":"repeat","background-position":"center center","background-size":"auto","background-attachment":"scroll","background-type":"","background-media":"","overlay-type":"","overlay-color":"","overlay-opacity":"","overlay-gradient":""},"tablet":{"background-color":"var(--ast-global-color-4)","background-image":"","background-repeat":"repeat","background-position":"center center","background-size":"auto","background-attachment":"scroll","background-type":"","background-media":"","overlay-type":"","overlay-color":"","overlay-opacity":"","overlay-gradient":""},"mobile":{"background-color":"var(--ast-global-color-4)","background-image":"","background-repeat":"repeat","background-position":"center center","background-size":"auto","background-attachment":"scroll","background-type":"","background-media":"","overlay-type":"","overlay-color":"","overlay-opacity":"","overlay-gradient":""}},"footnotes":""},"class_list":["post-140","page","type-page","status-publish","hentry"],"_links":{"self":[{"href":"https:\/\/albuch-skilift.de\/index.php?rest_route=\/wp\/v2\/pages\/140","targetHints":{"allow":["GET"]}}],"collection":[{"href":"https:\/\/albuch-skilift.de\/index.php?rest_route=\/wp\/v2\/pages"}],"about":[{"href":"https:\/\/albuch-skilift.de\/index.php?rest_route=\/wp\/v2\/types\/page"}],"author":[{"embeddable":true,"href":"https:\/\/albuch-skilift.de\/index.php?rest_route=\/wp\/v2\/users\/1"}],"replies":[{"embeddable":true,"href":"https:\/\/albuch-skilift.de\/index.php?rest_route=%2Fwp%2Fv2%2Fcomments&post=140"}],"version-history":[{"count":11,"href":"https:\/\/albuch-skilift.de\/index.php?rest_route=\/wp\/v2\/pages\/140\/revisions"}],"predecessor-version":[{"id":788,"href":"https:\/\/albuch-skilift.de\/index.php?rest_route=\/wp\/v2\/pages\/140\/revisions\/788"}],"wp:attachment":[{"href":"https:\/\/albuch-skilift.de\/index.php?rest_route=%2Fwp%2Fv2%2Fmedia&parent=140"}],"curies":[{"name":"wp","href":"https:\/\/api.w.org\/{rel}","templated":true}]}}