{"id":167,"date":"2017-11-22T19:31:38","date_gmt":"2017-11-22T19:31:38","guid":{"rendered":"http:\/\/albuch-skilift.de\/?page_id=167"},"modified":"2025-11-22T13:38:26","modified_gmt":"2025-11-22T12:38:26","slug":"skikurse-naturfreunde","status":"publish","type":"page","link":"https:\/\/albuch-skilift.de\/?page_id=167","title":{"rendered":"Skikurse Naturfreunde"},"content":{"rendered":"<p>              <\/p>\n<header class=\"entry-header\">\n<h1 class=\"title-post entry-title\">Weihnachtsski- und Snowboardkurse am Albuch-Skilift<\/h1>\n<\/header>\n<div class=\"entry-content\">\n<div class=\"wp-block-media-text alignwide is-stacked-on-mobile\">\n<figure class=\"wp-block-media-text__media\"><img loading=\"lazy\" decoding=\"async\" class=\"wp-image-314 size-full\" src=\"https:\/\/www.naturfreunde-schnaitheim.de\/wp-content\/uploads\/2019\/10\/albuch1.jpg\" sizes=\"auto, (max-width: 473px) 100vw, 473px\" srcset=\"https:\/\/www.naturfreunde-schnaitheim.de\/wp-content\/uploads\/2019\/10\/albuch1.jpg 473w, https:\/\/www.naturfreunde-schnaitheim.de\/wp-content\/uploads\/2019\/10\/albuch1-300x297.jpg 300w, https:\/\/www.naturfreunde-schnaitheim.de\/wp-content\/uploads\/2019\/10\/albuch1-230x228.jpg 230w, https:\/\/www.naturfreunde-schnaitheim.de\/wp-content\/uploads\/2019\/10\/albuch1-350x346.jpg 350w\" alt=\"\" width=\"473\" height=\"468\" \/><\/figure>\n<div class=\"wp-block-media-text__content\">\n<p class=\"has-large-font-size\">Allgemeine Informationen:<\/p>\n<ul>\n<li>f\u00fcr Kinder und Jugendliche ab\u00a0<strong>4 Jahre<\/strong>\u00a0(Snowboard ab\u00a0<strong>8 Jahre<\/strong>) und Erwachsene<\/li>\n<li>Anf\u00e4nger und Fortgeschrittenenkurse<\/li>\n<li>in optimaler Gruppengr\u00f6\u00dfe<\/li>\n<li>von gut geschulten und erfahrenen Lehrkr\u00e4ften<\/li>\n<\/ul>\n<\/div>\n<\/div>\n<p>Sollte es die Schneelage in diesem Winter erlauben, werden wir f\u00fcr den Albuch Wintersport Schnaitheim e.V. in den Weihnachtsferien einen Ski- und Snowboardkurs am\u00a0<a href=\"http:\/\/www.albuch-skilift.de\/\" target=\"_blank\" rel=\"noreferrer noopener\">Albuch-Skilift<\/a>\u00a0in Schnaitheim veranstalten. Vorgesehen sind 6 Unterrichtsstunden.<\/p>\n<figure class=\"wp-block-table aligncenter is-style-stripes\">\n<table class=\"has-background\">\n<tbody>\n<tr>\n<td>Termine<\/td>\n<td>28.12.2025 16:00-18:00 Uhr<br \/>29.12.2025 15:00-17:00 Uhr<br \/>30.12.2025 15:00-17:00 Uhr<\/td>\n<\/tr>\n<tr>\n<td>Treffpunkt<\/td>\n<td>neue Garage am Albuch-Skilift<\/td>\n<\/tr>\n<tr>\n<td>Anmeldung<\/td>\n<td><strong>bis sp\u00e4testens 26. Dezember 2025<\/strong><br \/>Stefan M\u00fchlb\u00e4ck (01 72 \/ 9 15 38 14)<br \/>J\u00fcrgen K\u00fcrner (01 71 \/ 9 32 12 06)<br \/>zwischen 17:00 und 19:00 Uhr<\/td>\n<\/tr>\n<tr>\n<td>Kursgeb\u00fchren<\/td>\n<td>35 \u20ac f\u00fcr Mitglieder<br \/>45 \u20ac f\u00fcr Nichtmitglieder<\/td>\n<\/tr>\n<\/tbody>\n<\/table>\n<\/figure>\n<p class=\"has-text-align-center has-vivid-red-color has-text-color\"><strong>WICHTIG: Die Teilnehmerzahl ist begrenzt und es z\u00e4hlt die Reihenfolge der Anmeldungen.<\/strong><\/p>\n<p class=\"has-text-align-center\">Eine Versicherung erfolgt nach eigenem Ermessen.<\/p>\n<p class=\"has-text-align-center has-vivid-red-color has-text-color\"><strong>Bei unseren Ski- und Snowboardkursen besteht Helmpflicht.<\/strong><\/p>\n<p class=\"has-text-align-left has-vivid-red-color has-text-color\"><strong>Zu den Kursen muss geeignetes Sportger\u00e4t mitgebracht werden.<br \/>Wir bitten Sie, in Ihrem eigenen Interesse, zu den Kursen in zeitgem\u00e4\u00dfer und funktionsf\u00e4higer Ausr\u00fcstung zu erscheinen.<br \/>Eine \u00dcberpr\u00fcfung Ihrer Skibindung durch ein Sportfachgesch\u00e4ft ist eine sinnvolle Vorsichtsma\u00dfnahme, um Unf\u00e4lle und Verletzungen zu vermeiden.<\/strong><\/p>\n<p>Schreiben Sie uns Ihre Meinung und Anregungen\u00a0<a href=\"mailto:info@naturfreunde-schnaitheim.de?subject=Meinung%20und%20Anregungen\">NaturFreunde Schneesportschule Schnaitheim<\/a><\/p>\n<\/div>\n<p style=\"text-align: left;\">\u00a0<\/p>\n\n\n<header class=\"entry-header\">\n<h1 class=\"title-post entry-title\">Ski- und Snowboardkurse am Albuch-Skilift<\/h1>\n<\/header>\n<div class=\"entry-content\">\n<div class=\"wp-block-media-text alignwide is-stacked-on-mobile\">\n<figure class=\"wp-block-media-text__media\"><img loading=\"lazy\" decoding=\"async\" class=\"wp-image-314 size-full\" src=\"https:\/\/www.naturfreunde-schnaitheim.de\/wp-content\/uploads\/2019\/10\/albuch1.jpg\" sizes=\"auto, (max-width: 473px) 100vw, 473px\" srcset=\"https:\/\/www.naturfreunde-schnaitheim.de\/wp-content\/uploads\/2019\/10\/albuch1.jpg 473w, https:\/\/www.naturfreunde-schnaitheim.de\/wp-content\/uploads\/2019\/10\/albuch1-300x297.jpg 300w, https:\/\/www.naturfreunde-schnaitheim.de\/wp-content\/uploads\/2019\/10\/albuch1-230x228.jpg 230w, https:\/\/www.naturfreunde-schnaitheim.de\/wp-content\/uploads\/2019\/10\/albuch1-350x346.jpg 350w\" alt=\"\" width=\"473\" height=\"468\" \/><\/figure>\n<div class=\"wp-block-media-text__content\">\n<p class=\"has-large-font-size\">Allgemeine Informationen:<\/p>\n<ul>\n<li>f\u00fcr Kinder und Jugendliche ab\u00a0<strong>5 Jahre<\/strong>\u00a0(Snowboard ab\u00a0<strong>8 Jahre<\/strong>) und Erwachsene<\/li>\n<li>Anf\u00e4nger und Fortgeschrittenenkurse<\/li>\n<li>in optimaler Gruppengr\u00f6\u00dfe<\/li>\n<li>von gut geschulten und erfahrenen Lehrkr\u00e4ften<\/li>\n<\/ul>\n<\/div>\n<\/div>\n<p>Sollte es die Schneelage in diesem Winter erlauben, werden wir kurzfristig einen Ski- und Snowboardkurs am\u00a0<a href=\"http:\/\/www.albuch-skilift.de\/\" target=\"_blank\" rel=\"noreferrer noopener\">Albuch-Skilift<\/a>\u00a0in Schnaitheim veranstalten. Vorgesehen sind 2 Unterrichtsstunden von 17:00 Uhr bis 19:00 Uhr.<\/p>\n<figure class=\"wp-block-table aligncenter is-style-stripes\">\n<table class=\"has-background\">\n<tbody>\n<tr>\n<td>Kursanfrage<\/td>\n<td>Stefan M\u00fchlb\u00e4ck (01 72 \/ 9 15 38 14)<br \/>Jens Hofele (01 73 \/ 1 73 50 84)<br \/>zwischen 17:00 und 19:00 Uhr<\/td>\n<\/tr>\n<tr>\n<td>Kursgeb\u00fchren<\/td>\n<td>20 \u20ac f\u00fcr Mitglieder<br \/>25 \u20ac f\u00fcr Nichtmitglieder<\/td>\n<\/tr>\n<\/tbody>\n<\/table>\n<\/figure>\n<p>Weitere Informationen erhalten Sie durch die Tagespresse und Aushang am Skilift.\u00a0<strong>Anmeldung und Bezahlung der Albuch-Kurse 1 Stunde vor Kursbeginn an der Garage am Skilift.<\/strong><\/p>\n<p class=\"has-text-align-center has-vivid-red-color has-text-color\"><strong>WICHTIG: Die Teilnehmerzahl ist begrenzt und es z\u00e4hlt die Reihenfolge der Anmeldungen.<\/strong><\/p>\n<p class=\"has-text-align-center\">Eine Versicherung erfolgt nach eigenem Ermessen.<\/p>\n<p class=\"has-text-align-center has-vivid-red-color has-text-color\"><strong>Bei unseren Ski- und Snowboardkursen besteht Helmpflicht.<\/strong><\/p>\n<p class=\"has-text-align-left has-vivid-red-color has-text-color\"><strong>Zu den Kursen muss geeignetes Sportger\u00e4t mitgebracht werden.<br \/>Wir bitten Sie, in Ihrem eigenen Interesse, zu den Kursen in zeitgem\u00e4\u00dfer und funktionsf\u00e4higer Ausr\u00fcstung zu erscheinen.<br \/>Eine \u00dcberpr\u00fcfung Ihrer Skibindung durch ein Sportfachgesch\u00e4ft ist eine sinnvolle Vorsichtsma\u00dfnahme, um Unf\u00e4lle und Verletzungen zu vermeiden.<\/strong><\/p>\n<p>Schreiben Sie uns Ihre Meinung und Anregungen\u00a0<a href=\"mailto:info@naturfreunde-schnaitheim.de?subject=Meinung%20und%20Anregungen\">NaturFreunde Schneesportschule Schnaitheim<\/a><\/p>\n<\/div>\n","protected":false},"excerpt":{"rendered":"<p>Weihnachtsski- und Snowboardkurse am Albuch-Skilift Allgemeine Informationen: f\u00fcr Kinder und Jugendliche ab\u00a04 Jahre\u00a0(Snowboard ab\u00a08 Jahre) und Erwachsene Anf\u00e4nger und Fortgeschrittenenkurse [&hellip;]<\/p>\n","protected":false},"author":1,"featured_media":0,"parent":0,"menu_order":0,"comment_status":"closed","ping_status":"closed","template":"","meta":{"site-sidebar-layout":"default","site-content-layout":"","ast-site-content-layout":"default","site-content-style":"default","site-sidebar-style":"default","ast-global-header-display":"","ast-banner-title-visibility":"","ast-main-header-display":"","ast-hfb-above-header-display":"","ast-hfb-below-header-display":"","ast-hfb-mobile-header-display":"","site-post-title":"","ast-breadcrumbs-content":"","ast-featured-img":"","footer-sml-layout":"","ast-disable-related-posts":"","theme-transparent-header-meta":"","adv-header-id-meta":"","stick-header-meta":"","header-above-stick-meta":"","header-main-stick-meta":"","header-below-stick-meta":"","astra-migrate-meta-layouts":"default","ast-page-background-enabled":"default","ast-page-background-meta":{"desktop":{"background-color":"var(--ast-global-color-5)","background-image":"","background-repeat":"repeat","background-position":"center center","background-size":"auto","background-attachment":"scroll","background-type":"","background-media":"","overlay-type":"","overlay-color":"","overlay-opacity":"","overlay-gradient":""},"tablet":{"background-color":"","background-image":"","background-repeat":"repeat","background-position":"center center","background-size":"auto","background-attachment":"scroll","background-type":"","background-media":"","overlay-type":"","overlay-color":"","overlay-opacity":"","overlay-gradient":""},"mobile":{"background-color":"","background-image":"","background-repeat":"repeat","background-position":"center center","background-size":"auto","background-attachment":"scroll","background-type":"","background-media":"","overlay-type":"","overlay-color":"","overlay-opacity":"","overlay-gradient":""}},"ast-content-background-meta":{"desktop":{"background-color":"var(--ast-global-color-4)","background-image":"","background-repeat":"repeat","background-position":"center center","background-size":"auto","background-attachment":"scroll","background-type":"","background-media":"","overlay-type":"","overlay-color":"","overlay-opacity":"","overlay-gradient":""},"tablet":{"background-color":"var(--ast-global-color-4)","background-image":"","background-repeat":"repeat","background-position":"center center","background-size":"auto","background-attachment":"scroll","background-type":"","background-media":"","overlay-type":"","overlay-color":"","overlay-opacity":"","overlay-gradient":""},"mobile":{"background-color":"var(--ast-global-color-4)","background-image":"","background-repeat":"repeat","background-position":"center center","background-size":"auto","background-attachment":"scroll","background-type":"","background-media":"","overlay-type":"","overlay-color":"","overlay-opacity":"","overlay-gradient":""}},"footnotes":""},"class_list":["post-167","page","type-page","status-publish","hentry"],"_links":{"self":[{"href":"https:\/\/albuch-skilift.de\/index.php?rest_route=\/wp\/v2\/pages\/167","targetHints":{"allow":["GET"]}}],"collection":[{"href":"https:\/\/albuch-skilift.de\/index.php?rest_route=\/wp\/v2\/pages"}],"about":[{"href":"https:\/\/albuch-skilift.de\/index.php?rest_route=\/wp\/v2\/types\/page"}],"author":[{"embeddable":true,"href":"https:\/\/albuch-skilift.de\/index.php?rest_route=\/wp\/v2\/users\/1"}],"replies":[{"embeddable":true,"href":"https:\/\/albuch-skilift.de\/index.php?rest_route=%2Fwp%2Fv2%2Fcomments&post=167"}],"version-history":[{"count":25,"href":"https:\/\/albuch-skilift.de\/index.php?rest_route=\/wp\/v2\/pages\/167\/revisions"}],"predecessor-version":[{"id":824,"href":"https:\/\/albuch-skilift.de\/index.php?rest_route=\/wp\/v2\/pages\/167\/revisions\/824"}],"wp:attachment":[{"href":"https:\/\/albuch-skilift.de\/index.php?rest_route=%2Fwp%2Fv2%2Fmedia&parent=167"}],"curies":[{"name":"wp","href":"https:\/\/api.w.org\/{rel}","templated":true}]}}