{"id":74,"date":"2017-11-13T20:11:27","date_gmt":"2017-11-13T20:11:27","guid":{"rendered":"http:\/\/albuch-skilift.de\/?page_id=74"},"modified":"2024-12-22T14:04:14","modified_gmt":"2024-12-22T13:04:14","slug":"betriebszeiten","status":"publish","type":"page","link":"https:\/\/albuch-skilift.de\/?page_id=74","title":{"rendered":"Betriebszeiten"},"content":{"rendered":"<p><head>\n<link rel=\"apple-touch-icon\" sizes=\"57x57\" href=\"\/apple-icon-57x57.png\">\n<link rel=\"apple-touch-icon\" sizes=\"60x60\" href=\"\/apple-icon-60x60.png\">\n<link rel=\"apple-touch-icon\" sizes=\"72x72\" href=\"\/apple-icon-72x72.png\">\n<link rel=\"apple-touch-icon\" sizes=\"76x76\" href=\"\/apple-icon-76x76.png\">\n<link rel=\"apple-touch-icon\" sizes=\"114x114\" href=\"\/apple-icon-114x114.png\">\n<link rel=\"apple-touch-icon\" sizes=\"120x120\" href=\"\/apple-icon-120x120.png\">\n<link rel=\"apple-touch-icon\" sizes=\"144x144\" href=\"\/apple-icon-144x144.png\">\n<link rel=\"apple-touch-icon\" sizes=\"152x152\" href=\"\/apple-icon-152x152.png\">\n<link rel=\"apple-touch-icon\" sizes=\"180x180\" href=\"\/apple-icon-180x180.png\">\n<link rel=\"icon\" type=\"image\/png\" sizes=\"192x192\"  href=\"\/android-icon-192x192.png\">\n<link rel=\"icon\" type=\"image\/png\" sizes=\"32x32\" href=\"\/favicon-32x32.png\">\n<link rel=\"icon\" type=\"image\/png\" sizes=\"96x96\" href=\"\/favicon-96x96.png\">\n<link rel=\"icon\" type=\"image\/png\" sizes=\"16x16\" href=\"\/favicon-16x16.png\">\n<link rel=\"manifest\" href=\"\/manifest.json\">\n<meta name=\"msapplication-TileColor\" content=\"#ffffff\"><br \/>\n<meta name=\"msapplication-TileImage\" content=\"\/ms-icon-144x144.png\"><br \/>\n<meta name=\"theme-color\" content=\"#ffffff\"><br \/>\n<meta name=\"description\" content=\"Auf unseren Seiten finden Sie Informationen \u00fcber die Aktivit\u00e4ten des Albuch Wintersport e.V. und dem Albuch Skilift in Schnaitheim-Aufhausen.\" \/><br \/>\n<meta name=\"description\" content=\"Weiter finden Sie Infos zum Pistenzustand und welche Anlagen in Betrieb sind.\" \/><br \/>\n<\/head><\/p>\n<h3 style=\"text-align: left;\"><span style=\"font-family: trebuchet ms,geneva,sans-serif;\">Betriebszeiten normal Betrieb<br \/>\n<\/span><\/h3>\n<table style=\"height: 192px; width: 49.881%; border-style: none;\" border=\"5\" cellspacing=\"5\" cellpadding=\"5\">\n<tbody>\n<tr style=\"height: 48px;\">\n<td style=\"width: 52.381%; text-align: right; height: 48px;\"><span style=\"font-family: trebuchet ms,geneva,sans-serif;\">Montag-Donnerstag <\/span><\/td>\n<td style=\"width: 44.5238%; height: 48px;\"><span style=\"font-family: trebuchet ms,geneva,sans-serif;\">17:00 &#8211; 20:00 Uhr <\/span><\/td>\n<\/tr>\n<tr style=\"height: 48px;\">\n<td style=\"width: 52.381%; text-align: right; height: 48px;\"><span style=\"font-family: trebuchet ms,geneva,sans-serif;\">\u00a0Freitag<\/span><\/td>\n<td style=\"width: 44.5238%; height: 48px;\"><span style=\"font-family: trebuchet ms,geneva,sans-serif;\">\u00a014:00 &#8211; 20:00 Uhr<\/span><\/td>\n<\/tr>\n<tr style=\"height: 48px;\">\n<td style=\"width: 52.381%; text-align: right; height: 48px;\"><span style=\"font-family: trebuchet ms,geneva,sans-serif;\">\u00a0Samstag<\/span><\/td>\n<td style=\"width: 44.5238%; height: 48px;\"><span style=\"font-family: trebuchet ms,geneva,sans-serif;\">\u00a014:00 &#8211; 20:00 Uhr<\/span><\/td>\n<\/tr>\n<tr style=\"height: 48px;\">\n<td style=\"width: 52.381%; text-align: right; height: 48px;\"><span style=\"font-family: trebuchet ms,geneva,sans-serif;\">\u00a0Sonntag<\/span><\/td>\n<td style=\"width: 44.5238%; height: 48px;\"><span style=\"font-family: trebuchet ms,geneva,sans-serif;\">\u00a010:00 &#8211; 20:00 Uhr<\/span><\/td>\n<\/tr>\n<\/tbody>\n<\/table>\n<p style=\"text-align: left;\"><span style=\"font-family: 'trebuchet ms', geneva, sans-serif;\">Bei schwachem Andrang und schlechtem Wetter passen wir die Betriebszeiten an die Nachfrage und das Wettergeschehen an. Bitte haben Sie Verst\u00e4ndnis, wenn die \u00d6ffnungszeiten von den oben erw\u00e4hnten Zeiten abweichen.<\/span><\/p>\n<h3 style=\"text-align: left;\"><span style=\"font-family: trebuchet ms,geneva,sans-serif;\">Betriebszeiten \u00fcber in den Faschingsferien<br \/>\n<\/span><\/h3>\n<p style=\"text-align: left;\">In den Faschingsferien ist zu den normalen Zeiten ge\u00f6ffnet.<\/p>\n","protected":false},"excerpt":{"rendered":"<p>Betriebszeiten normal Betrieb Montag-Donnerstag 17:00 &#8211; 20:00 Uhr \u00a0Freitag \u00a014:00 &#8211; 20:00 Uhr \u00a0Samstag \u00a014:00 &#8211; 20:00 Uhr \u00a0Sonntag \u00a010:00 [&hellip;]<\/p>\n","protected":false},"author":1,"featured_media":0,"parent":0,"menu_order":0,"comment_status":"closed","ping_status":"closed","template":"","meta":{"site-sidebar-layout":"default","site-content-layout":"","ast-site-content-layout":"default","site-content-style":"default","site-sidebar-style":"default","ast-global-header-display":"","ast-banner-title-visibility":"","ast-main-header-display":"","ast-hfb-above-header-display":"","ast-hfb-below-header-display":"","ast-hfb-mobile-header-display":"","site-post-title":"","ast-breadcrumbs-content":"","ast-featured-img":"","footer-sml-layout":"","ast-disable-related-posts":"","theme-transparent-header-meta":"","adv-header-id-meta":"","stick-header-meta":"","header-above-stick-meta":"","header-main-stick-meta":"","header-below-stick-meta":"","astra-migrate-meta-layouts":"default","ast-page-background-enabled":"default","ast-page-background-meta":{"desktop":{"background-color":"var(--ast-global-color-5)","background-image":"","background-repeat":"repeat","background-position":"center center","background-size":"auto","background-attachment":"scroll","background-type":"","background-media":"","overlay-type":"","overlay-color":"","overlay-opacity":"","overlay-gradient":""},"tablet":{"background-color":"","background-image":"","background-repeat":"repeat","background-position":"center center","background-size":"auto","background-attachment":"scroll","background-type":"","background-media":"","overlay-type":"","overlay-color":"","overlay-opacity":"","overlay-gradient":""},"mobile":{"background-color":"","background-image":"","background-repeat":"repeat","background-position":"center center","background-size":"auto","background-attachment":"scroll","background-type":"","background-media":"","overlay-type":"","overlay-color":"","overlay-opacity":"","overlay-gradient":""}},"ast-content-background-meta":{"desktop":{"background-color":"var(--ast-global-color-4)","background-image":"","background-repeat":"repeat","background-position":"center center","background-size":"auto","background-attachment":"scroll","background-type":"","background-media":"","overlay-type":"","overlay-color":"","overlay-opacity":"","overlay-gradient":""},"tablet":{"background-color":"var(--ast-global-color-4)","background-image":"","background-repeat":"repeat","background-position":"center center","background-size":"auto","background-attachment":"scroll","background-type":"","background-media":"","overlay-type":"","overlay-color":"","overlay-opacity":"","overlay-gradient":""},"mobile":{"background-color":"var(--ast-global-color-4)","background-image":"","background-repeat":"repeat","background-position":"center center","background-size":"auto","background-attachment":"scroll","background-type":"","background-media":"","overlay-type":"","overlay-color":"","overlay-opacity":"","overlay-gradient":""}},"footnotes":""},"class_list":["post-74","page","type-page","status-publish","hentry"],"_links":{"self":[{"href":"https:\/\/albuch-skilift.de\/index.php?rest_route=\/wp\/v2\/pages\/74","targetHints":{"allow":["GET"]}}],"collection":[{"href":"https:\/\/albuch-skilift.de\/index.php?rest_route=\/wp\/v2\/pages"}],"about":[{"href":"https:\/\/albuch-skilift.de\/index.php?rest_route=\/wp\/v2\/types\/page"}],"author":[{"embeddable":true,"href":"https:\/\/albuch-skilift.de\/index.php?rest_route=\/wp\/v2\/users\/1"}],"replies":[{"embeddable":true,"href":"https:\/\/albuch-skilift.de\/index.php?rest_route=%2Fwp%2Fv2%2Fcomments&post=74"}],"version-history":[{"count":22,"href":"https:\/\/albuch-skilift.de\/index.php?rest_route=\/wp\/v2\/pages\/74\/revisions"}],"predecessor-version":[{"id":763,"href":"https:\/\/albuch-skilift.de\/index.php?rest_route=\/wp\/v2\/pages\/74\/revisions\/763"}],"wp:attachment":[{"href":"https:\/\/albuch-skilift.de\/index.php?rest_route=%2Fwp%2Fv2%2Fmedia&parent=74"}],"curies":[{"name":"wp","href":"https:\/\/api.w.org\/{rel}","templated":true}]}}

<p><head>
<link rel="apple-touch-icon" sizes="57x57" href="/apple-icon-57x57.png">
<link rel="apple-touch-icon" sizes="60x60" href="/apple-icon-60x60.png">
<link rel="apple-touch-icon" sizes="72x72" href="/apple-icon-72x72.png">
<link rel="apple-touch-icon" sizes="76x76" href="/apple-icon-76x76.png">
<link rel="apple-touch-icon" sizes="114x114" href="/apple-icon-114x114.png">
<link rel="apple-touch-icon" sizes="120x120" href="/apple-icon-120x120.png">
<link rel="apple-touch-icon" sizes="144x144" href="/apple-icon-144x144.png">
<link rel="apple-touch-icon" sizes="152x152" href="/apple-icon-152x152.png">
<link rel="apple-touch-icon" sizes="180x180" href="/apple-icon-180x180.png">
<link rel="icon" type="image/png" sizes="192x192"  href="/android-icon-192x192.png">
<link rel="icon" type="image/png" sizes="32x32" href="/favicon-32x32.png">
<link rel="icon" type="image/png" sizes="96x96" href="/favicon-96x96.png">
<link rel="icon" type="image/png" sizes="16x16" href="/favicon-16x16.png">
<link rel="manifest" href="/manifest.json">
<meta name="msapplication-TileColor" content="#ffffff"><br />
<meta name="msapplication-TileImage" content="/ms-icon-144x144.png"><br />
<meta name="theme-color" content="#ffffff"><br />
<meta name="description" content="Auf unseren Seiten finden Sie Informationen über die Aktivitäten des Albuch Wintersport e.V. und dem Albuch Skilift in Schnaitheim-Aufhausen." /><br />
<meta name="description" content="Weiter finden Sie Infos zum Pistenzustand und welche Anlagen in Betrieb sind." /><br />
</head></p>
<h3 style="text-align: left;"><span style="font-family: trebuchet ms,geneva,sans-serif;">Betriebszeiten normal Betrieb<br />
</span></h3>
<table style="height: 192px; width: 49.881%; border-style: none;" border="5" cellspacing="5" cellpadding="5">
<tbody>
<tr style="height: 48px;">
<td style="width: 52.381%; text-align: right; height: 48px;"><span style="font-family: trebuchet ms,geneva,sans-serif;">Montag-Donnerstag </span></td>
<td style="width: 44.5238%; height: 48px;"><span style="font-family: trebuchet ms,geneva,sans-serif;">17:00 &#8211; 20:00 Uhr </span></td>
</tr>
<tr style="height: 48px;">
<td style="width: 52.381%; text-align: right; height: 48px;"><span style="font-family: trebuchet ms,geneva,sans-serif;"> Freitag</span></td>
<td style="width: 44.5238%; height: 48px;"><span style="font-family: trebuchet ms,geneva,sans-serif;"> 14:00 &#8211; 20:00 Uhr</span></td>
</tr>
<tr style="height: 48px;">
<td style="width: 52.381%; text-align: right; height: 48px;"><span style="font-family: trebuchet ms,geneva,sans-serif;"> Samstag</span></td>
<td style="width: 44.5238%; height: 48px;"><span style="font-family: trebuchet ms,geneva,sans-serif;"> 14:00 &#8211; 20:00 Uhr</span></td>
</tr>
<tr style="height: 48px;">
<td style="width: 52.381%; text-align: right; height: 48px;"><span style="font-family: trebuchet ms,geneva,sans-serif;"> Sonntag</span></td>
<td style="width: 44.5238%; height: 48px;"><span style="font-family: trebuchet ms,geneva,sans-serif;"> 10:00 &#8211; 20:00 Uhr</span></td>
</tr>
</tbody>
</table>
<p style="text-align: left;"><span style="font-family: 'trebuchet ms', geneva, sans-serif;">Bei schwachem Andrang und schlechtem Wetter passen wir die Betriebszeiten an die Nachfrage und das Wettergeschehen an. Bitte haben Sie Verständnis, wenn die Öffnungszeiten von den oben erwähnten Zeiten abweichen.</span></p>
<h3 style="text-align: left;"><span style="font-family: trebuchet ms,geneva,sans-serif;">Betriebszeiten über in den Faschingsferien<br />
</span></h3>
<p style="text-align: left;">In den Faschingsferien ist zu den normalen Zeiten geöffnet.</p>
