{"id":799,"date":"2025-10-18T08:30:10","date_gmt":"2025-10-18T07:30:10","guid":{"rendered":"https:\/\/albuch-skilift.de\/?page_id=799"},"modified":"2025-10-18T08:32:32","modified_gmt":"2025-10-18T07:32:32","slug":"skiausfahrt-naturfreunde-schnaitheim","status":"publish","type":"page","link":"https:\/\/albuch-skilift.de\/?page_id=799","title":{"rendered":"Skiausfahrt Naturfreunde Schnaitheim           nach Dam\u00fcls\/Mellau"},"content":{"rendered":"\n<header class=\"entry-header\">\n<h1 class=\"title-post entry-title\">Skiausfahrt nach Dam\u00fcls\/Mellau<\/h1>\n<\/header>\n<div class=\"entry-content\">\n<p>F\u00fcr alle, die einen sch\u00f6nen Skitag in den Bergen erleben m\u00f6chten, fahren mit uns nach Mellau\/Dam\u00fcls.<\/p>\n<figure class=\"wp-block-image aligncenter size-full is-resized\"><img loading=\"lazy\" decoding=\"async\" class=\"wp-image-2069\" src=\"https:\/\/www.naturfreunde-schnaitheim.de\/wp-content\/uploads\/2024\/09\/schneereich_mellau_damuels.jpg\" sizes=\"auto, (max-width: 866px) 100vw, 866px\" srcset=\"https:\/\/www.naturfreunde-schnaitheim.de\/wp-content\/uploads\/2024\/09\/schneereich_mellau_damuels.jpg 866w, https:\/\/www.naturfreunde-schnaitheim.de\/wp-content\/uploads\/2024\/09\/schneereich_mellau_damuels-300x147.jpg 300w, https:\/\/www.naturfreunde-schnaitheim.de\/wp-content\/uploads\/2024\/09\/schneereich_mellau_damuels-768x376.jpg 768w, https:\/\/www.naturfreunde-schnaitheim.de\/wp-content\/uploads\/2024\/09\/schneereich_mellau_damuels-230x113.jpg 230w, https:\/\/www.naturfreunde-schnaitheim.de\/wp-content\/uploads\/2024\/09\/schneereich_mellau_damuels-350x171.jpg 350w, https:\/\/www.naturfreunde-schnaitheim.de\/wp-content\/uploads\/2024\/09\/schneereich_mellau_damuels-480x235.jpg 480w\" alt=\"\" width=\"866\" height=\"424\" \/><\/figure>\n<figure class=\"wp-block-table aligncenter is-style-stripes\">\n<table>\n<tbody>\n<tr>\n<td><strong>Termin<\/strong><\/td>\n<td>28. Februar 2026<\/td>\n<\/tr>\n<tr>\n<td><strong>Anmeldeschluss<\/strong><\/td>\n<td>24. Februar 2026<\/td>\n<\/tr>\n<tr>\n<td><strong>Abfahrt<\/strong><\/td>\n<td>06:00 Uhr<br \/>Parkplatz \u201eMarktkauf\u201c in Schnaitheim<br \/>an den Glascontainern<\/td>\n<\/tr>\n<tr>\n<td><strong>R\u00fcckkehr<\/strong><\/td>\n<td>ca. 19:00 Uhr<\/td>\n<\/tr>\n<tr>\n<td><strong>Leistungen<\/strong><\/td>\n<td>Fahrt im modernen Reisebus<br \/>Reiseleitung<br \/>Liftkarte<\/td>\n<\/tr>\n<\/tbody>\n<\/table>\n<\/figure>\n<p class=\"has-text-align-center has-vivid-red-color has-text-color\"><br \/><strong>WICHTIG: Die Teilnehmerzahl ist begrenzt und es z\u00e4hlt die Reihenfolge der Zahlungseing\u00e4nge.<\/strong><\/p>\n<figure class=\"wp-block-table aligncenter is-style-stripes\">\n<table>\n<tbody>\n<tr>\n<td><strong>Jahrgang<\/strong><\/td>\n<td><strong>Mitglieder<\/strong><\/td>\n<td><strong>Nichtmitglieder<\/strong><\/td>\n<\/tr>\n<tr>\n<td><strong>1960 und \u00e4lter<\/strong><\/td>\n<td>100,00 \u20ac<\/td>\n<td>105,00 \u20ac<\/td>\n<\/tr>\n<tr>\n<td><strong>1961 \u2013 2005<\/strong><\/td>\n<td>102,00 \u20ac<\/td>\n<td>107,00 \u20ac<\/td>\n<\/tr>\n<tr>\n<td><strong>2006 \u2013 2008<\/strong><\/td>\n<td>97,00 \u20ac<\/td>\n<td>102,00 \u20ac<\/td>\n<\/tr>\n<tr>\n<td><strong>2009 \u2013 2018<\/strong><\/td>\n<td>74,00 \u20ac<\/td>\n<td>79,00 \u20ac<\/td>\n<\/tr>\n<tr>\n<td><strong>2019 \u2013 j\u00fcnger<\/strong><\/td>\n<td>43,00 \u20ac<\/td>\n<td>48,00 \u20ac<\/td>\n<\/tr>\n<tr>\n<td><strong>nur Busfahrt<\/strong><\/td>\n<td>37,00 \u20ac<\/td>\n<td>42,00 \u20ac<\/td>\n<\/tr>\n<\/tbody>\n<\/table>\n<\/figure>\n<p>\u00a0<\/p>\n<div class=\"wp-block-button aligncenter\"><a class=\"wp-block-button__link has-very-dark-gray-color has-vivid-red-background-color has-text-color has-background wp-element-button\" href=\"https:\/\/www.naturfreunde-schnaitheim.de\/?page_id=403\"><strong>Online-Anmeldung<\/strong><\/a><\/div>\n<p>\u00a0<\/p>\n<div class=\"wp-block-button aligncenter\"><a class=\"wp-block-button__link has-very-dark-gray-color has-vivid-red-background-color has-text-color has-background wp-element-button\" href=\"https:\/\/www.naturfreunde-schnaitheim.de\/wp-content\/uploads\/2025\/10\/anmeldung_2026.pdf\" target=\"_blank\" rel=\"noreferrer noopener\"><strong>Papier-Anmeldung<\/strong><\/a><\/div>\n<p class=\"has-text-align-center\">Der NaturFreunde Mitgliedsausweis ist auf Verlangen vorzuzeigen.<\/p>\n<p>Die Gesamtkosten sind bis zum Anmeldeschluss auf das Konto der NaturFreunde Schneesportschule Schnaitheim, Volksbank Heidenheim BIC:\u00a0<strong>GENODES1HDH<\/strong>, IBAN:\u00a0<strong>DE33 6329 0110 0376 5600 02<\/strong>, Stichwort:\u00a0<strong>\u201eSkiausfahrt Dam\u00fcls\u201c<\/strong>\u00a0zu \u00fcberweisen.<\/p>\n<p class=\"has-text-align-center has-vivid-red-color has-text-color\"><strong>Die Anmeldung ist erst g\u00fcltig, wenn der gesamte Teilnehmerbetrag eingegangen ist.<\/strong><\/p>\n<p class=\"has-text-align-center\">Die Teilnahme von Kindern unter 14 Jahren ist nur in Begleitung eines Erwachsenen m\u00f6glich.<br \/><strong>Wir haben bei unseren Fahrten immer Apfelsaftschorle, Spezi, Bier und Piccolos dabei.<\/strong><\/p>\n<p class=\"has-text-align-center\">Eine Versicherung erfolgt in eigenem Ermessen.<\/p>\n<p class=\"has-text-align-center has-vivid-red-color has-text-color\"><strong>Wir empfehlen die Benutzung eines Helmes zur eigenen Sicherheit.<\/strong><\/p>\n<p class=\"has-text-align-center has-vivid-red-color has-text-color\"><strong>Bei Nichtteilnahme an der\u00a0 Ausfahrt kann keine R\u00fcckerstattung der Kursgeb\u00fchren erfolgen.<\/strong><\/p>\n<p class=\"has-text-align-center has-vivid-red-color has-text-color\"><strong>! Eine Teilnahme ohne Busfahrt ist hier leider nicht m\u00f6glich !<\/strong><\/p>\n<\/div>\n","protected":false},"excerpt":{"rendered":"<p>Skiausfahrt nach Dam\u00fcls\/Mellau F\u00fcr alle, die einen sch\u00f6nen Skitag in den Bergen erleben m\u00f6chten, fahren mit uns nach Mellau\/Dam\u00fcls. Termin [&hellip;]<\/p>\n","protected":false},"author":1,"featured_media":0,"parent":0,"menu_order":0,"comment_status":"closed","ping_status":"closed","template":"","meta":{"site-sidebar-layout":"default","site-content-layout":"","ast-site-content-layout":"default","site-content-style":"default","site-sidebar-style":"default","ast-global-header-display":"","ast-banner-title-visibility":"","ast-main-header-display":"","ast-hfb-above-header-display":"","ast-hfb-below-header-display":"","ast-hfb-mobile-header-display":"","site-post-title":"","ast-breadcrumbs-content":"","ast-featured-img":"","footer-sml-layout":"","ast-disable-related-posts":"","theme-transparent-header-meta":"","adv-header-id-meta":"","stick-header-meta":"","header-above-stick-meta":"","header-main-stick-meta":"","header-below-stick-meta":"","astra-migrate-meta-layouts":"default","ast-page-background-enabled":"default","ast-page-background-meta":{"desktop":{"background-color":"var(--ast-global-color-5)","background-image":"","background-repeat":"repeat","background-position":"center center","background-size":"auto","background-attachment":"scroll","background-type":"","background-media":"","overlay-type":"","overlay-color":"","overlay-opacity":"","overlay-gradient":""},"tablet":{"background-color":"","background-image":"","background-repeat":"repeat","background-position":"center center","background-size":"auto","background-attachment":"scroll","background-type":"","background-media":"","overlay-type":"","overlay-color":"","overlay-opacity":"","overlay-gradient":""},"mobile":{"background-color":"","background-image":"","background-repeat":"repeat","background-position":"center center","background-size":"auto","background-attachment":"scroll","background-type":"","background-media":"","overlay-type":"","overlay-color":"","overlay-opacity":"","overlay-gradient":""}},"ast-content-background-meta":{"desktop":{"background-color":"var(--ast-global-color-4)","background-image":"","background-repeat":"repeat","background-position":"center center","background-size":"auto","background-attachment":"scroll","background-type":"","background-media":"","overlay-type":"","overlay-color":"","overlay-opacity":"","overlay-gradient":""},"tablet":{"background-color":"var(--ast-global-color-4)","background-image":"","background-repeat":"repeat","background-position":"center center","background-size":"auto","background-attachment":"scroll","background-type":"","background-media":"","overlay-type":"","overlay-color":"","overlay-opacity":"","overlay-gradient":""},"mobile":{"background-color":"var(--ast-global-color-4)","background-image":"","background-repeat":"repeat","background-position":"center center","background-size":"auto","background-attachment":"scroll","background-type":"","background-media":"","overlay-type":"","overlay-color":"","overlay-opacity":"","overlay-gradient":""}},"footnotes":""},"class_list":["post-799","page","type-page","status-publish","hentry"],"_links":{"self":[{"href":"https:\/\/albuch-skilift.de\/index.php?rest_route=\/wp\/v2\/pages\/799","targetHints":{"allow":["GET"]}}],"collection":[{"href":"https:\/\/albuch-skilift.de\/index.php?rest_route=\/wp\/v2\/pages"}],"about":[{"href":"https:\/\/albuch-skilift.de\/index.php?rest_route=\/wp\/v2\/types\/page"}],"author":[{"embeddable":true,"href":"https:\/\/albuch-skilift.de\/index.php?rest_route=\/wp\/v2\/users\/1"}],"replies":[{"embeddable":true,"href":"https:\/\/albuch-skilift.de\/index.php?rest_route=%2Fwp%2Fv2%2Fcomments&post=799"}],"version-history":[{"count":2,"href":"https:\/\/albuch-skilift.de\/index.php?rest_route=\/wp\/v2\/pages\/799\/revisions"}],"predecessor-version":[{"id":803,"href":"https:\/\/albuch-skilift.de\/index.php?rest_route=\/wp\/v2\/pages\/799\/revisions\/803"}],"wp:attachment":[{"href":"https:\/\/albuch-skilift.de\/index.php?rest_route=%2Fwp%2Fv2%2Fmedia&parent=799"}],"curies":[{"name":"wp","href":"https:\/\/api.w.org\/{rel}","templated":true}]}}

Skiausfahrt Naturfreunde Schnaitheim           nach Damüls/Mellau

<header class="entry-header">
<h1 class="title-post entry-title">Skiausfahrt nach Damüls/Mellau</h1>
</header>
<div class="entry-content">
<p>Für alle, die einen schönen Skitag in den Bergen erleben möchten, fahren mit uns nach Mellau/Damüls.</p>
<figure class="wp-block-image aligncenter size-full is-resized"><img loading="lazy" decoding="async" class="wp-image-2069" src="https://www.naturfreunde-schnaitheim.de/wp-content/uploads/2024/09/schneereich_mellau_damuels.jpg" sizes="auto, (max-width: 866px) 100vw, 866px" srcset="https://www.naturfreunde-schnaitheim.de/wp-content/uploads/2024/09/schneereich_mellau_damuels.jpg 866w, https://www.naturfreunde-schnaitheim.de/wp-content/uploads/2024/09/schneereich_mellau_damuels-300x147.jpg 300w, https://www.naturfreunde-schnaitheim.de/wp-content/uploads/2024/09/schneereich_mellau_damuels-768x376.jpg 768w, https://www.naturfreunde-schnaitheim.de/wp-content/uploads/2024/09/schneereich_mellau_damuels-230x113.jpg 230w, https://www.naturfreunde-schnaitheim.de/wp-content/uploads/2024/09/schneereich_mellau_damuels-350x171.jpg 350w, https://www.naturfreunde-schnaitheim.de/wp-content/uploads/2024/09/schneereich_mellau_damuels-480x235.jpg 480w" alt="" width="866" height="424" /></figure>
<figure class="wp-block-table aligncenter is-style-stripes">
<table>
<tbody>
<tr>
<td><strong>Termin</strong></td>
<td>28. Februar 2026</td>
</tr>
<tr>
<td><strong>Anmeldeschluss</strong></td>
<td>24. Februar 2026</td>
</tr>
<tr>
<td><strong>Abfahrt</strong></td>
<td>06:00 Uhr<br />Parkplatz „Marktkauf“ in Schnaitheim<br />an den Glascontainern</td>
</tr>
<tr>
<td><strong>Rückkehr</strong></td>
<td>ca. 19:00 Uhr</td>
</tr>
<tr>
<td><strong>Leistungen</strong></td>
<td>Fahrt im modernen Reisebus<br />Reiseleitung<br />Liftkarte</td>
</tr>
</tbody>
</table>
</figure>
<p class="has-text-align-center has-vivid-red-color has-text-color"><br /><strong>WICHTIG: Die Teilnehmerzahl ist begrenzt und es zählt die Reihenfolge der Zahlungseingänge.</strong></p>
<figure class="wp-block-table aligncenter is-style-stripes">
<table>
<tbody>
<tr>
<td><strong>Jahrgang</strong></td>
<td><strong>Mitglieder</strong></td>
<td><strong>Nichtmitglieder</strong></td>
</tr>
<tr>
<td><strong>1960 und älter</strong></td>
<td>100,00 €</td>
<td>105,00 €</td>
</tr>
<tr>
<td><strong>1961 – 2005</strong></td>
<td>102,00 €</td>
<td>107,00 €</td>
</tr>
<tr>
<td><strong>2006 – 2008</strong></td>
<td>97,00 €</td>
<td>102,00 €</td>
</tr>
<tr>
<td><strong>2009 – 2018</strong></td>
<td>74,00 €</td>
<td>79,00 €</td>
</tr>
<tr>
<td><strong>2019 – jünger</strong></td>
<td>43,00 €</td>
<td>48,00 €</td>
</tr>
<tr>
<td><strong>nur Busfahrt</strong></td>
<td>37,00 €</td>
<td>42,00 €</td>
</tr>
</tbody>
</table>
</figure>
<p> </p>
<div class="wp-block-button aligncenter"><a class="wp-block-button__link has-very-dark-gray-color has-vivid-red-background-color has-text-color has-background wp-element-button" href="https://www.naturfreunde-schnaitheim.de/?page_id=403"><strong>Online-Anmeldung</strong></a></div>
<p> </p>
<div class="wp-block-button aligncenter"><a class="wp-block-button__link has-very-dark-gray-color has-vivid-red-background-color has-text-color has-background wp-element-button" href="https://www.naturfreunde-schnaitheim.de/wp-content/uploads/2025/10/anmeldung_2026.pdf" target="_blank" rel="noreferrer noopener"><strong>Papier-Anmeldung</strong></a></div>
<p class="has-text-align-center">Der NaturFreunde Mitgliedsausweis ist auf Verlangen vorzuzeigen.</p>
<p>Die Gesamtkosten sind bis zum Anmeldeschluss auf das Konto der NaturFreunde Schneesportschule Schnaitheim, Volksbank Heidenheim BIC: <strong>GENODES1HDH</strong>, IBAN: <strong>DE33 6329 0110 0376 5600 02</strong>, Stichwort: <strong>„Skiausfahrt Damüls“</strong> zu überweisen.</p>
<p class="has-text-align-center has-vivid-red-color has-text-color"><strong>Die Anmeldung ist erst gültig, wenn der gesamte Teilnehmerbetrag eingegangen ist.</strong></p>
<p class="has-text-align-center">Die Teilnahme von Kindern unter 14 Jahren ist nur in Begleitung eines Erwachsenen möglich.<br /><strong>Wir haben bei unseren Fahrten immer Apfelsaftschorle, Spezi, Bier und Piccolos dabei.</strong></p>
<p class="has-text-align-center">Eine Versicherung erfolgt in eigenem Ermessen.</p>
<p class="has-text-align-center has-vivid-red-color has-text-color"><strong>Wir empfehlen die Benutzung eines Helmes zur eigenen Sicherheit.</strong></p>
<p class="has-text-align-center has-vivid-red-color has-text-color"><strong>Bei Nichtteilnahme an der  Ausfahrt kann keine Rückerstattung der Kursgebühren erfolgen.</strong></p>
<p class="has-text-align-center has-vivid-red-color has-text-color"><strong>! Eine Teilnahme ohne Busfahrt ist hier leider nicht möglich !</strong></p>
</div>

<p>Skiausfahrt nach Damüls/Mellau Für alle, die einen schönen Skitag in den Bergen erleben möchten, fahren mit uns nach Mellau/Damüls. Termin [&hellip;]</p>
