{"id":801,"date":"2025-10-18T08:31:35","date_gmt":"2025-10-18T07:31:35","guid":{"rendered":"https:\/\/albuch-skilift.de\/?page_id=801"},"modified":"2025-10-18T08:31:35","modified_gmt":"2025-10-18T07:31:35","slug":"skiausfahrt-naturfreunde-schnaitheim-apres-skiausfahrt-nach-warth-schroecken","status":"publish","type":"page","link":"https:\/\/albuch-skilift.de\/?page_id=801","title":{"rendered":"Skiausfahrt Naturfreunde Schnaitheim        Apr\u00e8s-Skiausfahrt nach Warth\/Schr\u00f6cken"},"content":{"rendered":"\n<h1 class=\"wp-block-heading\">Apr\u00e8s-Skiausfahrt nach Warth\/Schr\u00f6cken<\/h1>\n\n\n\n<p>Alle, die nicht genug bekommen k\u00f6nnen und Lust auf noch mehr haben, d\u00fcrfen bei unserer Skiausfahrt nach Warth\/Schr\u00f6cken auf keinen Fall fehlen.<\/p>\n\n\n\n<figure class=\"wp-block-image\"><img decoding=\"async\" src=\"https:\/\/www.naturfreunde-schnaitheim.de\/wp-content\/uploads\/2019\/10\/LogoWarth-Schroecken-1024x1024.jpg\" alt=\"\" class=\"wp-image-335\"\/><\/figure>\n\n\n\n<figure class=\"wp-block-table\"><table class=\"has-fixed-layout\"><tbody><tr><td><strong>Termin<\/strong><\/td><td>14. M\u00e4rz 2026<\/td><\/tr><tr><td><strong>Anmeldeschluss<\/strong><\/td><td>10. M\u00e4rz 2026<\/td><\/tr><tr><td><strong>Abfahrt<\/strong><\/td><td>06:00 Uhr<br>Parkplatz \u201eMarktkauf\u201c in Schnaitheim<br>an den Glascontainern<\/td><\/tr><tr><td><strong>R\u00fcckkehr<\/strong><\/td><td>ca. 22:00 Uhr<\/td><\/tr><tr><td><strong>Leistungen<\/strong><\/td><td>Fahrt im modernen Reisebus<br>Reiseleitung<br>Liftkarte<\/td><\/tr><\/tbody><\/table><\/figure>\n\n\n\n<p><br><strong>WICHTIG: Die Teilnehmerzahl ist begrenzt und es z\u00e4hlt die Reihenfolge der Zahlungseing\u00e4nge.<\/strong><\/p>\n\n\n\n<figure class=\"wp-block-table\"><table class=\"has-fixed-layout\"><tbody><tr><td><strong>Jahrgang<\/strong><\/td><td><strong>Mitglieder<\/strong><\/td><td><strong>Nichtmitglieder<\/strong><\/td><\/tr><tr><td><strong>1960 und \u00e4lter<\/strong><\/td><td>107,00 \u20ac<\/td><td>112,00 \u20ac<\/td><\/tr><tr><td><strong>1961 \u2013 2004<\/strong><\/td><td>108,00 \u20ac<\/td><td>113,00 \u20ac<\/td><\/tr><tr><td><strong>2005 \u2013 2008<\/strong><\/td><td>100,00 \u20ac<\/td><td>105,00 \u20ac<\/td><\/tr><tr><td><strong>2009 \u2013 2016<\/strong><\/td><td>77,00 \u20ac<\/td><td>82,00 \u20ac<\/td><\/tr><tr><td><strong>2017 und j\u00fcnger<\/strong><\/td><td>45,00 \u20ac<\/td><td>50,00 \u20ac<\/td><\/tr><tr><td><strong>nur Busfahrt<\/strong><\/td><td>38,00 \u20ac<\/td><td>43,00 \u20ac<\/td><\/tr><\/tbody><\/table><\/figure>\n\n\n\n<p><a href=\"https:\/\/www.naturfreunde-schnaitheim.de\/?page_id=406\"><strong>Online-Anmeldung<\/strong><\/a><\/p>\n\n\n\n<p><a href=\"https:\/\/www.naturfreunde-schnaitheim.de\/wp-content\/uploads\/2025\/10\/anmeldung_2026.pdf\" target=\"_blank\" rel=\"noreferrer noopener\"><strong>Papier-Anmeldung<\/strong><\/a><\/p>\n\n\n\n<p>Der NaturFreunde Mitgliedsausweis ist auf Verlangen vorzuzeigen.<\/p>\n\n\n\n<p>Die Gesamtkosten sind bis zum Anmeldeschluss auf das Konto der NaturFreunde Schneesportschule Schnaitheim, Volksbank Heidenheim BIC:&nbsp;<strong>GENODES1HDH<\/strong>, IBAN:&nbsp;<strong>DE33 6329 0110 0376 5600 02<\/strong>, Stichwort:&nbsp;<strong>\u201eSkiausfahrt Warth\u201c<\/strong>&nbsp;zu \u00fcberweisen.<\/p>\n\n\n\n<p><strong>Die Anmeldung ist erst g\u00fcltig, wenn der gesamte Teilnehmerbetrag eingegangen ist.<\/strong><\/p>\n\n\n\n<p>Die Teilnahme von Kindern unter 14 Jahren ist nur in Begleitung eines Erwachsenen m\u00f6glich.<br><strong>Wir haben bei unseren Fahrten immer Apfelsaftschorle, Spezi, Bier und Piccolos dabei.<\/strong><\/p>\n\n\n\n<p>Eine Versicherung erfolgt in eigenem Ermessen.<\/p>\n\n\n\n<p><strong>Wir empfehlen die Benutzung eines Helmes zur eigenen Sicherheit.<\/strong><\/p>\n\n\n\n<p><strong>Bei Nichtteilnahme an der&nbsp; Ausfahrt kann keine R\u00fcckerstattung der Kursgeb\u00fchren erfolgen.<\/strong><\/p>\n\n\n\n<p><strong>! Eine Teilnahme ohne Busfahrt ist hier leider nicht m\u00f6glich !<\/strong><\/p>\n","protected":false},"excerpt":{"rendered":"<p>Apr\u00e8s-Skiausfahrt nach Warth\/Schr\u00f6cken Alle, die nicht genug bekommen k\u00f6nnen und Lust auf noch mehr haben, d\u00fcrfen bei unserer Skiausfahrt nach [&hellip;]<\/p>\n","protected":false},"author":1,"featured_media":0,"parent":0,"menu_order":0,"comment_status":"closed","ping_status":"closed","template":"","meta":{"site-sidebar-layout":"default","site-content-layout":"","ast-site-content-layout":"default","site-content-style":"default","site-sidebar-style":"default","ast-global-header-display":"","ast-banner-title-visibility":"","ast-main-header-display":"","ast-hfb-above-header-display":"","ast-hfb-below-header-display":"","ast-hfb-mobile-header-display":"","site-post-title":"","ast-breadcrumbs-content":"","ast-featured-img":"","footer-sml-layout":"","ast-disable-related-posts":"","theme-transparent-header-meta":"","adv-header-id-meta":"","stick-header-meta":"","header-above-stick-meta":"","header-main-stick-meta":"","header-below-stick-meta":"","astra-migrate-meta-layouts":"default","ast-page-background-enabled":"default","ast-page-background-meta":{"desktop":{"background-color":"var(--ast-global-color-5)","background-image":"","background-repeat":"repeat","background-position":"center center","background-size":"auto","background-attachment":"scroll","background-type":"","background-media":"","overlay-type":"","overlay-color":"","overlay-opacity":"","overlay-gradient":""},"tablet":{"background-color":"","background-image":"","background-repeat":"repeat","background-position":"center center","background-size":"auto","background-attachment":"scroll","background-type":"","background-media":"","overlay-type":"","overlay-color":"","overlay-opacity":"","overlay-gradient":""},"mobile":{"background-color":"","background-image":"","background-repeat":"repeat","background-position":"center center","background-size":"auto","background-attachment":"scroll","background-type":"","background-media":"","overlay-type":"","overlay-color":"","overlay-opacity":"","overlay-gradient":""}},"ast-content-background-meta":{"desktop":{"background-color":"var(--ast-global-color-4)","background-image":"","background-repeat":"repeat","background-position":"center center","background-size":"auto","background-attachment":"scroll","background-type":"","background-media":"","overlay-type":"","overlay-color":"","overlay-opacity":"","overlay-gradient":""},"tablet":{"background-color":"var(--ast-global-color-4)","background-image":"","background-repeat":"repeat","background-position":"center center","background-size":"auto","background-attachment":"scroll","background-type":"","background-media":"","overlay-type":"","overlay-color":"","overlay-opacity":"","overlay-gradient":""},"mobile":{"background-color":"var(--ast-global-color-4)","background-image":"","background-repeat":"repeat","background-position":"center center","background-size":"auto","background-attachment":"scroll","background-type":"","background-media":"","overlay-type":"","overlay-color":"","overlay-opacity":"","overlay-gradient":""}},"footnotes":""},"class_list":["post-801","page","type-page","status-publish","hentry"],"_links":{"self":[{"href":"https:\/\/albuch-skilift.de\/index.php?rest_route=\/wp\/v2\/pages\/801","targetHints":{"allow":["GET"]}}],"collection":[{"href":"https:\/\/albuch-skilift.de\/index.php?rest_route=\/wp\/v2\/pages"}],"about":[{"href":"https:\/\/albuch-skilift.de\/index.php?rest_route=\/wp\/v2\/types\/page"}],"author":[{"embeddable":true,"href":"https:\/\/albuch-skilift.de\/index.php?rest_route=\/wp\/v2\/users\/1"}],"replies":[{"embeddable":true,"href":"https:\/\/albuch-skilift.de\/index.php?rest_route=%2Fwp%2Fv2%2Fcomments&post=801"}],"version-history":[{"count":1,"href":"https:\/\/albuch-skilift.de\/index.php?rest_route=\/wp\/v2\/pages\/801\/revisions"}],"predecessor-version":[{"id":802,"href":"https:\/\/albuch-skilift.de\/index.php?rest_route=\/wp\/v2\/pages\/801\/revisions\/802"}],"wp:attachment":[{"href":"https:\/\/albuch-skilift.de\/index.php?rest_route=%2Fwp%2Fv2%2Fmedia&parent=801"}],"curies":[{"name":"wp","href":"https:\/\/api.w.org\/{rel}","templated":true}]}}

Skiausfahrt Naturfreunde Schnaitheim        Après-Skiausfahrt nach Warth/Schröcken

<h1 class="wp-block-heading">Après-Skiausfahrt nach Warth/Schröcken</h1>



<p>Alle, die nicht genug bekommen können und Lust auf noch mehr haben, dürfen bei unserer Skiausfahrt nach Warth/Schröcken auf keinen Fall fehlen.</p>



<figure class="wp-block-image"><img decoding="async" src="https://www.naturfreunde-schnaitheim.de/wp-content/uploads/2019/10/LogoWarth-Schroecken-1024x1024.jpg" alt="" class="wp-image-335"/></figure>



<figure class="wp-block-table"><table class="has-fixed-layout"><tbody><tr><td><strong>Termin</strong></td><td>14. März 2026</td></tr><tr><td><strong>Anmeldeschluss</strong></td><td>10. März 2026</td></tr><tr><td><strong>Abfahrt</strong></td><td>06:00 Uhr<br>Parkplatz „Marktkauf“ in Schnaitheim<br>an den Glascontainern</td></tr><tr><td><strong>Rückkehr</strong></td><td>ca. 22:00 Uhr</td></tr><tr><td><strong>Leistungen</strong></td><td>Fahrt im modernen Reisebus<br>Reiseleitung<br>Liftkarte</td></tr></tbody></table></figure>



<p><br><strong>WICHTIG: Die Teilnehmerzahl ist begrenzt und es zählt die Reihenfolge der Zahlungseingänge.</strong></p>



<figure class="wp-block-table"><table class="has-fixed-layout"><tbody><tr><td><strong>Jahrgang</strong></td><td><strong>Mitglieder</strong></td><td><strong>Nichtmitglieder</strong></td></tr><tr><td><strong>1960 und älter</strong></td><td>107,00 €</td><td>112,00 €</td></tr><tr><td><strong>1961 – 2004</strong></td><td>108,00 €</td><td>113,00 €</td></tr><tr><td><strong>2005 – 2008</strong></td><td>100,00 €</td><td>105,00 €</td></tr><tr><td><strong>2009 – 2016</strong></td><td>77,00 €</td><td>82,00 €</td></tr><tr><td><strong>2017 und jünger</strong></td><td>45,00 €</td><td>50,00 €</td></tr><tr><td><strong>nur Busfahrt</strong></td><td>38,00 €</td><td>43,00 €</td></tr></tbody></table></figure>



<p><a href="https://www.naturfreunde-schnaitheim.de/?page_id=406"><strong>Online-Anmeldung</strong></a></p>



<p><a href="https://www.naturfreunde-schnaitheim.de/wp-content/uploads/2025/10/anmeldung_2026.pdf" target="_blank" rel="noreferrer noopener"><strong>Papier-Anmeldung</strong></a></p>



<p>Der NaturFreunde Mitgliedsausweis ist auf Verlangen vorzuzeigen.</p>



<p>Die Gesamtkosten sind bis zum Anmeldeschluss auf das Konto der NaturFreunde Schneesportschule Schnaitheim, Volksbank Heidenheim BIC:&nbsp;<strong>GENODES1HDH</strong>, IBAN:&nbsp;<strong>DE33 6329 0110 0376 5600 02</strong>, Stichwort:&nbsp;<strong>„Skiausfahrt Warth“</strong>&nbsp;zu überweisen.</p>



<p><strong>Die Anmeldung ist erst gültig, wenn der gesamte Teilnehmerbetrag eingegangen ist.</strong></p>



<p>Die Teilnahme von Kindern unter 14 Jahren ist nur in Begleitung eines Erwachsenen möglich.<br><strong>Wir haben bei unseren Fahrten immer Apfelsaftschorle, Spezi, Bier und Piccolos dabei.</strong></p>



<p>Eine Versicherung erfolgt in eigenem Ermessen.</p>



<p><strong>Wir empfehlen die Benutzung eines Helmes zur eigenen Sicherheit.</strong></p>



<p><strong>Bei Nichtteilnahme an der&nbsp; Ausfahrt kann keine Rückerstattung der Kursgebühren erfolgen.</strong></p>



<p><strong>! Eine Teilnahme ohne Busfahrt ist hier leider nicht möglich !</strong></p>

<p>Après-Skiausfahrt nach Warth/Schröcken Alle, die nicht genug bekommen können und Lust auf noch mehr haben, dürfen bei unserer Skiausfahrt nach [&hellip;]</p>
